isor of a and 16.
1
Let l be (18/(-12))/((-12)/40). Suppose 2*n + 12 = -2*t, -3*t - l*n = -3*n + 13. Let y be (5 - (42 - t))/(-2). What is the highest common divisor of y and 152?
19
Let v(n) = 139*n + 471. Let o be v(-3). What is the greatest common divisor of o and 4572?
18
Let k(y) = -2*y - 10. Let h be k(-7). Let d be 5/(-4)*(-8 - h). Suppose -t + 0*t + 55 = 3*x, 0 = -3*t - d. Calculate the highest common divisor of x and 60.
20
Let j(m) = -2*m**2 + 28*m - 17. Let s be j(11). Let c(a) = -a**3 - 12*a**2 - 10*a - 99. Let t be c(-12). What is the greatest common factor of t and s?
7
Let n(h) be the third derivative of h**4/3 - 47*h**3/6 + 26*h**2. Let m be n(10). What is the greatest common factor of m and 143?
11
Suppose -3*z = -5*z + 7*z - 2360. What is the greatest common divisor of 531 and z?
59
Suppose 0 = -5*y + 5*o + 2475, -14*y + 18*y = -5*o + 1998. Let j = 573 - y. Suppose 30 = 4*u - 426. Calculate the highest common factor of u and j.
38
Let q = -21936 + 22188. Let n(i) = -29*i - 1. Let r be n(-1). What is the greatest common divisor of q and r?
28
Suppose 5*g + q = 123, -2*g + 14 + 38 = -q. Let a(n) = -20 - 4*n - 8 + 3*n**2 + g - n. Let z be a(-3). What is the greatest common divisor of z and 13?
13
Let y be ((-24)/78)/(6/(-39)). Suppose y*n = -2*n - 16, 4*n = 2*w - 206. Calculate the highest common factor of w and 38.
19
Let s be -2360*(-3 - -6)/(3/(-2)). What is the highest common divisor of 160 and s?
80
Let p be 22/(-33) - (-92)/12. Suppose -p*c - 4*c = -308. What is the highest common factor of c and 84?
28
Let a be (91 - 3)/4 + 2. Let f be (a/(-5))/(15/(-75)). Let h = 14 + 106. What is the greatest common factor of f and h?
24
Suppose -4*p = p - 725. Let z be (-88176)/(-440) - -2*52/40. Calculate the highest common factor of p and z.
29
Suppose 2*q - 11 - 101 = 0. Let t = q + -49. Suppose -t*r - 18 = -8*r. What is the greatest common factor of 12 and r?
6
Suppose 12*v - 136 = 13*v. Let w = v - -217. Calculate the highest common factor of 9 and w.
9
Let g = 67 - 55. Suppose -13*y + g*y = -3. Suppose 5*h = 7*h - l - 57, y*l - 37 = -2*h. Calculate the highest common divisor of 208 and h.
26
Suppose 1212 = 5*z - 63. Suppose -3*x = -2*l + 206, 298*x = l + 302*x - 37. Calculate the greatest common divisor of z and l.
85
Let o(z) = 7*z + 77. Suppose -4*y = -16, 3*y = -3*g + 43 - 16. Let w be o(g). What is the greatest common divisor of w and 7?
7
Suppose 14*z + 23901 - 58558 = 37023. Calculate the greatest common factor of z and 48.
16
Let b = -150 - -157. Suppose 858 = b*c + 228. What is the highest common factor of c and 15?
15
Let f(q) = -9 - 6*q - 17 + 39 - 16. Let r be f(-13). What is the greatest common divisor of 200 and r?
25
Let h(b) = 4*b**3 + 7*b**2 - 22*b - 7. Let q be h(4). Calculate the greatest common divisor of q and 195.
39
Suppose -39*n + 963 = -36*n. Let j = n - 303. Suppose 2*d = 82 + 98. What is the greatest common divisor of j and d?
18
Let a = 1833 - 1678. What is the highest common factor of 5 and a?
5
Suppose -a = a - 2*i - 296, -2*a - 4*i + 308 = 0. Let g be -164 + 212 - (24 + -1). What is the highest common divisor of g and a?
25
Let n(w) = -201*w + 88. Let s be n(-21). Suppose -17*y + 2916 = -s. What is the greatest common divisor of 25 and y?
25
Suppose 5*r - 17 = -4*m, -2*r + 25 = 3*r. Let c be ((-43)/m)/(9/162). Calculate the greatest common factor of 9 and c.
9
Suppose -119 = -3*f + 49. Let r be (-42)/(-63) + (-32)/(-6). Let g = r - -8. Calculate the highest common factor of g and f.
14
Suppose 4*r + 7*r = 11. Let v be -38 + -1 + (-10)/(-5) + r. Let y = 62 + v. What is the highest common divisor of 26 and y?
26
Suppose 0 = -q - 9 + 5. Let y be (-84 - 5)*(2 + q). Let b be (-3)/(-6) - y/(-4). What is the highest common divisor of 15 and b?
15
Suppose -8*h + 3*k + 28 = -6*h, 4*h = -k + 84. Suppose 0 = -5*b - 4*r + 1142, 3 + 3 = -3*r. Calculate the greatest common divisor of b and h.
10
Let k(g) = -107*g - 5928. Let l be k(-57). Calculate the highest common divisor of 171 and l.
171
Suppose 77*q + 27*q - 79615 - 298737 = 0. What is the highest common divisor of q and 642?
214
Let v = -5 - -12. Let n be (-27)/18*(-280)/(-15). Let o = v - n. Calculate the highest common divisor of 5 and o.
5
Let t = 23209 + -22738. What is the greatest common factor of t and 628?
157
Suppose 985 = 2*p + a, -5*p + 3*a + 3839 - 1404 = 0. Calculate the highest common factor of 11515 and p.
245
Let s(p) = 7*p + 86. Let i(u) = -u**2 - 3*u. Let f be i(4). Let o be s(f). Let q = -68 - o. Calculate the greatest common factor of q and 18.
6
Let x = 7149 + -7142. Suppose -5*n - 1 = 4. Let v be n + 1 + (-84)/(-6). What is the greatest common factor of x and v?
7
Let j be 4/3 - (1 + 60/(-9)). Let n = -1168 - -1169. What is the greatest common divisor of j and n?
1
Let c(g) = -g + 38. Let k(q) = q + 19. Let t be k(7). Let r be c(t). Let x = 543 + -459. Calculate the greatest common factor of r and x.
12
Suppose -16*f + 22248 = -0*f + 11*f. What is the highest common divisor of 1133 and f?
103
Let i(m) = -26*m**3 - 3*m - 2. Let o be i(-1). Suppose -u + o = -40. Let s = 5 + u. What is the highest common divisor of s and 9?
9
Suppose 2*b = -3903 + 5705. What is the highest common factor of b and 17?
17
Let g be -4*99/36 - -3. Let q be 4 + (g + 4)/((-4)/(-2)). Calculate the highest common factor of 262 and q.
2
Let i be 5 + -3 + (-4 - -4 - 1474). Let o = -1466 - i. Suppose -g + 45 = -0*g - 5*t, -3*t = -2*g + 69. What is the highest common factor of g and o?
6
Let l be 115 + (-30)/(-4)*(-150)/125. Calculate the highest common factor of l and 3286.
106
Suppose -358 + 588 = -t. Let a = t - -258. What is the highest common factor of a and 88?
4
Let s(f) = -f**3 + 102*f + 55. Let z be s(-11). Calculate the highest common divisor of z and 84.
12
Let c(g) = -3*g + 53. Let z be c(-25). Let p = -633 + 825. What is the greatest common divisor of z and p?
64
Let w be (((-6)/(-4))/1)/((-1)/(-6)). Suppose 11*a - 32 = w*a. Calculate the highest common divisor of 80 and a.
16
Let l(q) = q**3 + 14*q**2 + 9*q + 13. Let c = -165 - -152. Let p be l(c). Calculate the highest common divisor of 39 and p.
13
Suppose 5*m + 4*t = 3 + 28, -t - 2 = -2*m. Suppose 4 = -m*i + 214. What is the greatest common divisor of i and 28?
14
Suppose -4*i - w + 152 = -i, 5*i = -w + 250. Suppose -l + 6*l - 5*r = 95, -10 = 2*r. What is the highest common factor of i and l?
7
Let k(b) = b**3 + 12*b**2 + 180*b + 1883. Let s be k(-11). What is the greatest common divisor of 1704 and s?
24
Let f be (-204)/(-42) - (-2)/14. Let x = 586 - 586. Suppose x*d + 27 = f*d - y, 0 = -y - 2. Calculate the greatest common factor of 40 and d.
5
Let p(z) = -z**3 - 6*z**2 + 18*z + 14. Let g be p(-9). Let i = 170 - g. What is the greatest common factor of i and 600?
75
Suppose 3*v = 177*i - 182*i + 21019, 0 = 3*v + 6. What is the greatest common divisor of 290 and i?
145
Let u be 1*(204/8)/((-3)/(-2)). Let q = -54 + 275. What is the greatest common divisor of u and q?
17
Suppose -a + 185 = 2*f, a + 449 = 5*f - a. Suppose f*m - 576 = 85*m. What is the highest common factor of m and 36?
12
Suppose -19*c = 5*u - 20*c - 58, -5*c - 15 = 0. Let f be (70/4)/(69/6 - u). What is the highest common factor of 770 and f?
35
Let o be ((-2718080)/(-2055))/((-2)/(-3)). What is the greatest common factor of o and 155?
31
Let m be 60/(2/6*(-144)/(-32)). Let o be (-1 + m)/(20 + -19). What is the highest common divisor of 273 and o?
39
Let x be (406/(-145))/(2*1/(-10)). Suppose -5*p - 251 = -781. Suppose -190 - 10 = -5*s + 2*h, 3*s - 4*h = p. What is the highest common divisor of x and s?
14
Let w = 651 - 399. Let n = 103 - 67. What is the highest common divisor of n and w?
36
Suppose x - 2*x + l = 70, -2*x - 142 = -3*l. Let s = x - -152. Suppose 8*p + 216 = 14*p. Calculate the highest common divisor of s and p.
12
Let c(g) = 31*g + 1446. Let d be c(-46). Calculate the greatest common divisor of d and 4.
4
Suppose 2*z = 8, -5*n + 4*z + 6027 = -17942. Calculate the greatest common factor of 246 and n.
123
Let o be 11453 + (55/11 - 2). What is the highest common factor of 179 and o?
179
Let s be (2/6)/(11/165). Suppose 70 = 41*c - 6*c. Suppose v - 22 = -c*v - 5*t, 3*v = s*t + 2. What is the highest common divisor of v 